p be 0 + -5 + 3 + 0. List the prime factors of (14/6)/(p/(-18)).
3, 7
List the prime factors of 2 + 648/4 + 5.
13
Let b be (-4 - 2)*(-14)/4. Suppose -5*v + 2 = -5*k - 3, -5*v + b = -k. Suppose -k*t + x = -19, -2*x = 5*t + 2*x - 8. List the prime factors of t.
2
Let z = 139 - 88. Suppose -33 - z = -3*o. List the prime factors of o.
2, 7
Let d = 2 - 2. Suppose -p - p + 6 = d. List the prime factors of (2/p)/(4/66).
11
Suppose -2*x = -3*t - 14, -4*t - 21 = -4*x + 3. Suppose x*s - 12 = -0*s. What are the prime factors of s?
3
Let o = 1 + -1. Let s be o - -3 - (1 + -1). Suppose -a = -4*a, -s*j + 15 = -3*a. What are the prime factors of j?
5
Let u = -21 + 12. Let s = -7 - u. What are the prime factors of s?
2
Suppose 7*v = 4*v + 6. Suppose 1 + 17 = v*r. What are the prime factors of r?
3
Let q(i) = 4*i**2 - 1. Let d be q(-1). Suppose d*b + 28 = -b. What are the prime factors of b/(-2) - (-1)/(-2)?
3
Let w(c) = -c**3 - 3*c**2 - 2. Let h be w(-5). Suppose 3*f = 7*f - h. List the prime factors of f.
2, 3
Let r(l) = -5*l**3 - l**2 + l. Let a = 17 + -19. List the prime factors of r(a).
2, 17
Let l be (-4)/(-6)*(-18)/(-12). What are the prime factors of 19 - l - (-4 - -4)?
2, 3
Suppose 11 = -5*x + 56. Let a be x + -5 - (1 + -3). Suppose 2*r + r - a = 0. List the prime factors of r.
2
Let z = -7 + 8. Let h(l) = 3*l**2 - l. List the prime factors of h(z).
2
Let h = 3 + 4. Let d(j) = j**2 - 7*j + 10. List the prime factors of d(h).
2, 5
Suppose -17 - 39 = f. Let h be f/(-10) + (-2)/(-5). Suppose 4*g - 21 = -l, -3*g = l + 3*l - h. What are the prime factors of g?
2, 3
Let g(a) = 3*a**2 + 2*a - 1. Let j be g(1). Suppose 6*i - 3*i = 4*f + 28, 2*f - 30 = -j*i. List the prime factors of i.
2
List the prime factors of -67*(-2)/8*4.
67
Suppose -19*q = -14*q - 470. What are the prime factors of q?
2, 47
Suppose 0 = -2*s + 4*s - 158. List the prime factors of s.
79
Let u = 167 - 46. What are the prime factors of u?
11
Suppose 0*r - r + 218 = -v, 5*r = 2*v + 1087. List the prime factors of r.
7, 31
What are the prime factors of -1 + 95 - ((-2 - -9) + -4)?
7, 13
Suppose 0 = 14*p - 601 - 645. What are the prime factors of p?
89
Let g(y) = -4*y - 1. Let t be g(3). Let h = 65 - 39. Let s = t + h. List the prime factors of s.
13
Suppose -50 = -f - f. List the prime factors of f.
5
Let u be 553/(-49) - (-2)/7. Let l be u/9 - (-12)/54. List the prime factors of (-2 + 1)/(l/17).
17
Let f = -491 + 699. What are the prime factors of f?
2, 13
Suppose -4*w = w - 10. Suppose 5*b - 57 = w*b. Let k = b + -7. What are the prime factors of k?
2, 3
Let l = 13 - -27. What are the prime factors of l?
2, 5
Let g = 5 + 15. What are the prime factors of g?
2, 5
Let o = -43 + 89. What are the prime factors of o?
2, 23
Suppose -5*n = -48 - 487. List the prime factors of n.
107
Let t be ((-3 + 4)/1)/(-1). List the prime factors of (-5)/(3/(-4 - t)).
5
Suppose 4*o = -40 - 36. Let g = o + 41. List the prime factors of g.
2, 11
What are the prime factors of (-25)/(-4) + 5/(-20)?
2, 3
Suppose 0 = -c + w - 3, -2*c + 1 = 4*w - 11. Suppose c = -0*j + j - 11. What are the prime factors of j?
11
Let z = 388 - 242. List the prime factors of z.
2, 73
Suppose -4*m + 94 + 138 = 0. List the prime factors of m.
2, 29
Suppose 2*g + 5*w = 4*w + 138, 0 = -2*w. List the prime factors of g.
3, 23
Let p(t) = 3*t**3 + 2*t - 2*t**3 - 3*t**2 + 3 - 6*t. Let v be p(4). Suppose -3*u + 27 = v. What are the prime factors of u?
2
Let c = -2 - -4. Suppose -6*f + 5*v = -c*f + 40, -3*f + 2*v = 30. What are the prime factors of (1/2)/((-1)/f)?
5
Let d(z) = z**3 - 10*z**2 + z - 8. Let h be d(10). Suppose -h*o = -o + 2*l - 8, 3*o - 8 = -2*l. Suppose -4*c + 14 + 34 = o. List the prime factors of c.
2, 3
Let s = 3 - 6. Let a be (-38)/(-2 + (-2 - s)). Let u = -27 + a. What are the prime factors of u?
11
Let v be (-18)/(-5) + (-12)/(-30). Suppose -3*n = -v*n - u + 1, 0 = -4*u + 8. List the prime factors of -1 - (n + -7)*1.
7
Let b = 7 - 9. Suppose -11 = -2*k - 5*q + 26, -q = -1. Let j = k + b. What are the prime factors of j?
2, 7
Let o(i) be the second derivative of -2*i - 1/12*i**4 - i**3 - 3*i**2 + 0. List the prime factors of o(-4).
2
What are the prime factors of -1*(-4 - -6) - -85?
83
Let q be 4/(-16) + 181/4. Suppose 8*j = 3*j + q. What are the prime factors of j?
3
Let j(o) = -7 + 4*o - 2*o**2 - 2*o**2 + 0*o**2 + 5*o**2. What are the prime factors of j(-6)?
5
Let m = -11 + 6. Let o = 8 - m. What are the prime factors of o?
13
Let q be (5 + -4)/(1/3). Let s be (1/2)/(q/150). Suppose -v = 4*v - s. List the prime factors of v.
5
List the prime factors of 40/(-1 + 2 - 0).
2, 5
Let u be (-1 - 1)*-1 + -11. What are the prime factors of (3/u)/((-2)/12)?
2
Let p(s) = 19*s + 31. List the prime factors of p(9).
2, 101
Let a be (-4)/6 + 39/(-9). Let j = 8 - a. What are the prime factors of j?
13
Let t(n) = 2*n**3 - 3*n**2 - 6*n + 10. List the prime factors of t(4).
2, 3, 11
Let i = 12 + -16. What are the prime factors of (-10)/(-40) + (-79)/i?
2, 5
Let a = 3 - -13. Suppose 0*t - 3*t = -21. Let y = a - t. List the prime factors of y.
3
Suppose -y + 0*y + 8 = 0. List the prime factors of y.
2
List the prime factors of ((-69)/5)/((3/5)/(-3)).
3, 23
Let h(z) = -z**3 - 6*z**2 + z + 4. Let t be h(-6). What are the prime factors of 1/t - (-13)/2?
2, 3
Let f(d) = -8*d - 3. Let y be f(5). Let u = -19 - y. List the prime factors of u.
2, 3
Let t(q) = -3*q - 4. Let f be t(-7). Suppose -20 = -4*i + 4*g, -i + 6*i - 25 = 4*g. Suppose -f = -m - i. What are the prime factors of m?
2, 3
Let f(z) = -z**3 + 7*z**2 + 3*z - 9. Let l(x) = -x**3 - 5*x**2 - 6*x - 1. Let g be l(-4). What are the prime factors of f(g)?
2, 3
Suppose -4*n = 3*s - 8, -2*s - 4 = -2*n - 14. Suppose -s*k = g - 0*g - 51, 2*g = 2*k - 38. List the prime factors of k.
2, 7
Let f(g) = -g**3 + 7*g**2 - 5*g - 3. Let v = 9 - 5. Suppose -d - 9 = -m, 3*m = v*d - 0*d + 30. What are the prime factors of f(m)?
3
Let c = -8 + 2. Let s be (-3 - 0)*50/c. Suppose 0 = -w + 3*v + 16 + 4, 0 = w - 4*v - s. What are the prime factors of w?
5
Let h = 773 - 484. List the prime factors of h.
17
Let c(f) = 3*f + 15. Let p be c(11). Suppose 0 = -2*d + 5*d - p. List the prime factors of d.
2
List the prime factors of 17 - 6/(-4)*(-8)/12.
2
Let u(m) = m**2 + m**2 + 6 - 4. List the prime factors of u(-3).
2, 5
Let c = -60 - -115. What are the prime factors of c?
5, 11
Suppose 18*i = 20*i - 44. List the prime factors of i.
2, 11
Let n = 1 - 0. Suppose -13 + 1 = -4*g. Suppose -3*u - n + g = -k, 2*u = 6. What are the prime factors of k?
7
Let g = -121 + 299. List the prime factors of g.
2, 89
Suppose -5*x = 7*w - 2*w, 2*w + 10 = 3*x. Let m be 1*x/(-6)*0. Suppose 2*t - 4*p - 26 = m, -t = -5*t - 2*p + 32. List the prime factors of t.
3
Let h(d) = 111*d**2. List the prime factors of h(-1).
3, 37
Let v(r) = r**3 - 17*r**2 - 16*r + 23. What are the prime factors of v(18)?
59
Suppose 5*w - 5*u + 125 = 0, 0*u - 109 = 5*w - u. Let m = 43 + w. List the prime factors of m.
2, 11
Suppose 6*a - 159 = -9. List the prime factors of a.
5
Suppose -t + 4*s - 2 = -s, -4*s - 8 = -4*t. Suppose 0 = -3*z + 29 - 5. Suppose t*q - 32 + z = 0. What are the prime factors of q?
2
Suppose 2*z = -z - 18. Let m = -4 - z. What are the prime factors of m?
2
Let n(w) = -w + 5. Let d be n(-6). Suppose 0 = 5*l - d + 1. What are the prime factors of l?
2
Let a(q) be the third derivative of -q**5/60 - q**4/24 + 5*q**3/6 - 3*q**2. What are the prime factors of a(0)?
5
Let p(j) = -j**3 + 9*j**2 + 2*j + 11. Let x be ((-3)/(-2))/(11/66). List the prime factors of p(x).
29
Let z = 16 + -10. Suppose -s - 2*s = z. Let u = s + 10. What are the prime factors of u?
2
Let s(f) = -f**2 - 7*f - 8. Let o be s(-7). Let i = -5 - o. Suppose 0 = v - i - 1. What are the prime factors of v?
2
Let h(o) = 2*o**2 + 11*o + 9. Let a be h(-7). Suppose a = p + 4*p. Suppose k + 55 = p*k. What are the prime factors of k?
11
Let x(c) = c**2 - 4*c + 2. Let p be x(4). Suppose -7*m + 50 = -p*m. List the prime factors of m.
2, 5
Let v = 23 - 21. Suppose -v*m + 20 + 68 = 0. List the prime factors of m.
2, 11
Suppose -4*m = 5*x - 3*x - 290, -2*m - 2 = 0. List the prime factors of x.
3, 7
Suppose 10*n = 5*n + 20. Suppose -a = -n - 1. List the prime factors of a.
5
Suppose 0 = -0*m - 3